. Let g be k(-3). What is v(g)?
2
Let z be (0 - (2 + -2))/(1 - -2). Let g(y) = y**3 + 4*y**2 - 4*y - 1. Let m(v) = v**2 - v + 1. Let i(b) = -g(b) + 5*m(b). Give i(z).
6
Let m(n) = -n**3 - 4*n**2 - 3. Let u(s) be the first derivative of s**2/2 + 12*s + 7. Let d be u(-16). Calculate m(d).
-3
Let o(r) = 3*r - 1. Let n = -16 + 15. Calculate o(n).
-4
Let l(p) = -6*p + p**3 + 3*p**2 + 2*p + 0*p**3. Let f(y) = 3*y**2 + 4 + 28*y - 4*y**2 - 21*y. Let a be f(8). Determine l(a).
0
Let r(b) = 6 - 3 - b**2 - b + 0. Suppose 3*t - t + 4 = 0, 5*t = 2*c - 20. Let q = c - 5. Calculate r(q).
3
Let d(q) be the second derivative of q**5/20 + 5*q**4/12 - q**3 + 4*q. What is d(-6)?
0
Let a be (0 + 3 - 1) + -2. Let u be a/(2/2) + 1. Let n(b) = b**3 + 6*b**2 + b + 5. Let t(q) = q**2 + 1. Let v(l) = -n(l) + 6*t(l). Determine v(u).
-1
Let o = 5 - 1. Let b(u) be the third derivative of u**7/2520 - u**6/180 + u**5/40 - u**4/4 - u**2. Let n(z) be the second derivative of b(z). Calculate n(o).
3
Let d(y) = 7*y - 4 + 2 - 3 - y**2 + 2. Let z be d(7). Let s(x) = -x**3 - 5*x**2 - 4*x. Determine s(z).
-6
Let o(u) = u**2 + 19*u + u**2 - 2 - 16*u. What is o(-3)?
7
Let v be (1 - -1)*(-3)/(-2). Let u(c) = 4*c**3 + 6*c**2 + c + 6 + 4*c - 3*c**v. Determine u(-5).
6
Let c(m) = -m**2 + 3*m + 3. Suppose -2*j - 3*d - 8 = -j, -5*j - 4*d = -4. Suppose 0 = -4*n + j, -5*f - n + 16 = -5*n. Give c(f).
-1
Let c(f) = 12*f**3 + 7*f**2. Let k(n) = -18*n**3 - 11*n**2. Let g(s) = 8*c(s) + 5*k(s). Calculate g(-1).
-5
Let b(r) be the third derivative of r**5/60 - r**4/6 - r**3/6 - 11*r**2. Suppose 2*j - 9 = -j. What is b(j)?
-4
Let c(a) = 2*a**2 - 9*a - 6. Let l be c(5). Let w(v) = 2*v. Let h be w(1). Let r(m) = m**3 - h*m**3 - 1 - 2*m + m**2 + m. Calculate r(l).
2
Let m(b) = 10 - 3*b - 11 + b. Calculate m(1).
-3
Let w(f) be the second derivative of -f**3/6 - 9*f**2/2 - 31*f. Determine w(-10).
1
Let c be (-10)/(-45) + (152/(-18))/2. Let x(f) = 2*f + 4. Determine x(c).
-4
Suppose 0 = -5*n - 5 + 20. Let r(a) = 2*a - 4. What is r(n)?
2
Let r(i) = -i**2 + 9 + 5*i**2 - 3*i**2 - 9*i. Calculate r(7).
-5
Let s(j) = -2*j + 4. Let r(x) = x - 2. Suppose -2*a + 15 = 1. Let o(k) = a*r(k) + 4*s(k). Calculate o(6).
-4
Let q(u) = u**2 - u - 4. Let g be q(4). Let j(b) = b - 3. Calculate j(g).
5
Let h = 10 - 1. Let g be 86/18 - (-2)/h. Let x(z) = -z**2 + 4*z + 5. Determine x(g).
0
Let q(h) = -h**3 + 5*h**2 - 4*h - 1. Let d(p) = -2*p + 8. Let o be d(-11). Suppose g = -z - 3*g + 23, 0 = 5*z + 3*g - o. Determine q(z).
5
Let a(i) = 3*i**3 + i**2 - i. Let k be a(1). Let l(p) = p. Give l(k).
3
Let i be (-2 + 7/3)/((-2)/(-24)). Let m(x) = 3 + x**2 - 3 - 3*x. Calculate m(i).
4
Let a(f) be the second derivative of f**5/20 - f**4/3 + f**3/6 + f**2/2 + 6*f - 4. Determine a(4).
5
Let t = 1 - 4. Let u = -3 - t. Let r(z) = z**2 + z. Determine r(u).
0
Let o = 7 + -5. Suppose 0 = -o*r + 2*w + 4, -4*r + 11 - 3 = -w. Let l(z) = 6*z**3 - 4*z**r - 5 - 5*z**3 + 3. Calculate l(4).
-2
Let t = 2051/30 - 205/3. Let k(y) be the third derivative of -1/3*y**3 + y**2 + 0*y + 1/8*y**4 - t*y**5 + 1/120*y**6 + 0. What is k(2)?
4
Let q(k) = -3*k**2 - 4*k - k**2 + 5*k**2 + 5*k. Let h be (3 - 4)*(8 - 2). Let j = h - -8. What is q(j)?
6
Let f = -3 + 0. Let j(b) = 2*b**3 + 8*b**2 + 2*b + 1. Let i(a) = -a**3 - 4*a**2 - a - 1. Let y(s) = 7*i(s) + 4*j(s). Determine y(f).
3
Let j(k) = 2*k - 3. Let h be j(3). Suppose 2*i - 4*f = -4 - 0, -2*i - 2 = -3*f. Let x(o) = -o - 5*o + i - 2*o**2 + o**3 + 2*o. Calculate x(h).
-1
Let d = -7 - -12. Suppose 2*n - 3 = -d*s + n, 4*n = s + 12. Let g(b) = 1 + b**3 + 2 + 3. Calculate g(s).
6
Let k(u) = u**3 + u**2 - u + 1. Let i = 13 - 11. What is k(i)?
11
Let k(n) = -n**2 + 129*n - 126*n + 0*n**2 - 6. What is k(4)?
-10
Let n(y) = y**2 + 5*y + 2. Let d be 196/(-16) + (-1)/(-4). Let b = d + 8. Give n(b).
-2
Suppose -5*d = k - 5*k + 37, 0 = 4*k - 12. Let n(b) = -2*b - 7. What is n(d)?
3
Let g(c) be the third derivative of -c**5/20 + c**4/8 + 2*c**3/3 - 5*c**2. Determine g(3).
-14
Let q(z) = 7*z**2 - 3*z + 1. Let l(j) = -j**2 + j - 1. Let n(t) = -6*l(t) - q(t). Give n(-5).
-5
Let n(m) = m**3 + 5*m**2 - m + 7. Let u be n(-5). Suppose 3*o - u = -o. Suppose o*c = -4*d + 26, 2*c + 2 = 2*d - 4. Let h(i) = 2*i**2 - 1. Give h(c).
7
Let p(z) be the second derivative of 0 - 1/12*z**4 + 3/2*z**2 - 2*z - 1/2*z**3. What is p(-6)?
-15
Let y be (-10)/(-2) + 12/(-4). Let l be (-13)/y - (-9)/(-18). Let f(v) = v**2 + 8*v - 2. Calculate f(l).
-9
Let g(n) = n**3 - 5*n**2 - 6. Let k(i) = -i**3 + 8*i**2 + 2*i - 5. Let x be k(8). Suppose 0 = 4*b - x - 9. Determine g(b).
-6
Let n be -2*7/(-35)*10. Let c(g) = g**2 - 2*g - 5. Let t(b) = 2*b**2 - 3*b - 10. Let u(y) = -5*c(y) + 2*t(y). What is u(n)?
5
Suppose -4 = -4*i + 16. Let q(w) = w**2 - 4*w + 2. Calculate q(i).
7
Let f be (-1 - 0) + (0 - -3). Let h = 6 - f. Let r(v) be the third derivative of -v**4/12 - v**3/3 + 9*v**2 - v. Give r(h).
-10
Suppose -2*v - 2*q + 7 = 3, 5*q - 6 = -3*v. Let f(r) = 0*r - 2*r + 0*r - 1 + r**v - 1. Suppose 3 = 3*t - 6. Calculate f(t).
1
Let i(k) = -2*k + k + 0*k - 7. Suppose f = -3*s - 15, -4*f - 2*s = 2 + 8. Suppose -12*b + 17*b = f. Calculate i(b).
-7
Let p(x) = x - 2. Let j be p(7). Suppose 5*l - 2 = 3*q - 5, j*q - 5 = -4*l. Let t(a) = a**3 + a**2 + 3. Give t(l).
3
Let s(g) = -g + 5. Suppose 5*j - 16 = 9. Give s(j).
0
Suppose 4*i + 2*t = 8, 6 = 2*i + 5*t - 14. Let g(f) = f**2 + i + 0 - 6 - 1. Calculate g(0).
-7
Let a(r) = 3*r - 1. Suppose 6 = 26*f - 23*f. What is a(f)?
5
Let j(k) = -2*k + 16. Let n be j(7). Let b(f) = 5*f - 1. What is b(n)?
9
Suppose 5 + 2 = t. Let z(r) = -1 - r**3 - t*r**3 + r**3 + 2*r**2. Let v(b) = b - 4. Let l be v(3). Calculate z(l).
8
Let s(a) = a**2 + 3*a - 2. Let b = 2 + 0. Suppose j + 4 = 4*z, -j = b*z - 2 - 0. Suppose -5*h - 18 - 2 = j. Determine s(h).
2
Let w(i) = -i - 6. Let l be w(-4). Let z(b) = 6*b + 2. Calculate z(l).
-10
Let d(p) be the third derivative of p**6/120 - 3*p**5/20 + p**4/12 - 7*p**3/6 - 26*p**2. Determine d(9).
11
Let x be (1*-3)/(6/(-10)). Suppose x*v - 8 = v. Let g(j) be the second derivative of j**3/6 + j**2 - j. What is g(v)?
4
Let p(v) = -3*v + 2. Suppose z + 2*c - 11 = 0, -26 = -4*z - 5*c + 3*c. Suppose -z*h + 2*h + 46 = -4*y, 3*h - y - 34 = 0. Suppose 2*s = -3*s + h. Determine p(s).
-4
Suppose -5*w = -0*w - 30. Suppose -2*z + 5*o = w*o - 13, 0 = 5*o - 15. Let u(x) = -6 - x - x + z*x. Determine u(4).
6
Let i(k) be the third derivative of -k**7/5040 + k**6/720 - k**5/30 - 3*k**2. Let x(y) be the third derivative of i(y). Calculate x(-5).
6
Let f(q) = -q**3 - 4*q**2 + 5*q + 2. Let s = -111 - -106. Give f(s).
2
Let p(f) = -f**2 - 7*f + 4. Let d(m) = -m**2 - 7*m + 6. Let w(a) = -5*d(a) + 6*p(a). Give w(-7).
-6
Let d(j) = 2*j + 1. Suppose 5 = -7*b + 2*b. Let z be d(b). Let q(s) = 0*s**3 + 0*s - 1 + 0 - 2*s - s**3. Give q(z).
2
Let t be -5 + 7 + -4 - -3. Let v(l) = 3*l**2. Calculate v(t).
3
Let m(f) = f**3 + 3*f**2 - 8*f - 7. Let l be -5*((-10)/20)/(2/(-4)). What is m(l)?
-17
Let g = 4 + -10. Let l(p) be the second derivative of 4*p + 5/6*p**3 + 0 + 7/12*p**4 + 1/20*p**5 - p**2. Give l(g).
4
Suppose 2*f + 3 = -5. Let i(y) be the first derivative of -y**4/4 - y**3 + 3*y**2 + 3*y - 11. Determine i(f).
-5
Suppose 15 = -3*s, -2*s = 2*l + s + 19. Let t(w) be the second derivative of w**5/20 - w**3/3 - 2*w. Let d be t(l). Let k(o) = 2*o**2 + 5*o - 1. What is k(d)?
11
Suppose v + n + 3 = 2*n, 4*n - 14 = 5*v. Let s(z) = z**2 - 3*z - 1. Determine s(v).
9
Suppose -2*l = 2 - 0. Let i be (l - 1)/(-8)*4. Let f be (8/(-6) + i)*-3. Let b(x) = -5*x + 1. Give b(f).
-4
Let t(k) = -3*k + 0*k**2 - 3 + k**2 + 5. Let a be (4/(-3))/(4/(-6)). Give t(a).
0
Let w(s) = s**2 + 3*s - 2. Suppose -3*b + 2*b + 3 = 0. Suppose -5*u - 12 = h - 2*h, -b*u = -5*h - 6. What is w(h)?
-2
Suppose -4*x - 4*a = -16, 4*a = -x - x + 12. Let d(t) = -t**3 - 4*t**3 - 3*t - 5*t**x - 4 + 4*t**3 + 2. Give d(-4).
-6
Let g(u) be the second derivative of -u**3/3 - u**2 + 29*u. Calculate g(2).
-6
Let l(d) be the third derivative of -d**6/120 - d**5/60 + d**4/24 - 5*d**3/6 - d**2. Suppose -n + 4*n = 0. Determine l(n).
-5
Let u(o) = 14*o - 13 - 6*o - 7*o. Give u(10).
-3
Let t(l) = -22*l + 21*l - l**2 + 3*l**3 + 3*l**2. Let i be 3 + -3 + 3/3. What is t(i)?
4
Suppose -5*d = -d. Let 